{"id":27670,"date":"2024-06-12T22:44:50","date_gmt":"2024-06-12T20:44:50","guid":{"rendered":"https:\/\/guanigallery.com\/index.php\/product\/la-cosecha-del-dia\/"},"modified":"2024-06-12T22:44:52","modified_gmt":"2024-06-12T20:44:52","slug":"la-cosecha-del-dia","status":"publish","type":"product","link":"https:\/\/guanigallery.com\/index.php\/product\/la-cosecha-del-dia\/","title":{"rendered":"La cosecha del d\u00eda"},"content":{"rendered":"","protected":false},"excerpt":{"rendered":"<p>Disfrutando de la cosecha del d\u00eda, Los colores de la vida en una pintura, Un d\u00eda en el mercado de vegetales<\/p>\n","protected":false},"featured_media":27577,"comment_status":"closed","ping_status":"open","template":"","meta":{"_monsterinsights_skip_tracking":false,"_monsterinsights_sitenote_active":false,"_monsterinsights_sitenote_note":"","_monsterinsights_sitenote_category":0},"product_brand":[],"product_cat":[80],"product_tag":[],"class_list":{"0":"post-27670","1":"product","2":"type-product","3":"status-publish","4":"has-post-thumbnail","6":"product_cat-paisaje","7":"pa_tamano-24x36-in","8":"pa_tamano-30x40-in","9":"pa_tamano-30x60-in","10":"pa_tamano-40x50-in","11":"pa_tamano-40x60-in","13":"first","14":"instock","15":"purchasable","16":"product-type-variable"},"aioseo_notices":[],"_links":{"self":[{"href":"https:\/\/guanigallery.com\/index.php\/wp-json\/wp\/v2\/product\/27670","targetHints":{"allow":["GET"]}}],"collection":[{"href":"https:\/\/guanigallery.com\/index.php\/wp-json\/wp\/v2\/product"}],"about":[{"href":"https:\/\/guanigallery.com\/index.php\/wp-json\/wp\/v2\/types\/product"}],"replies":[{"embeddable":true,"href":"https:\/\/guanigallery.com\/index.php\/wp-json\/wp\/v2\/comments?post=27670"}],"version-history":[{"count":1,"href":"https:\/\/guanigallery.com\/index.php\/wp-json\/wp\/v2\/product\/27670\/revisions"}],"predecessor-version":[{"id":27671,"href":"https:\/\/guanigallery.com\/index.php\/wp-json\/wp\/v2\/product\/27670\/revisions\/27671"}],"wp:featuredmedia":[{"embeddable":true,"href":"https:\/\/guanigallery.com\/index.php\/wp-json\/wp\/v2\/media\/27577"}],"wp:attachment":[{"href":"https:\/\/guanigallery.com\/index.php\/wp-json\/wp\/v2\/media?parent=27670"}],"wp:term":[{"taxonomy":"product_brand","embeddable":true,"href":"https:\/\/guanigallery.com\/index.php\/wp-json\/wp\/v2\/product_brand?post=27670"},{"taxonomy":"product_cat","embeddable":true,"href":"https:\/\/guanigallery.com\/index.php\/wp-json\/wp\/v2\/product_cat?post=27670"},{"taxonomy":"product_tag","embeddable":true,"href":"https:\/\/guanigallery.com\/index.php\/wp-json\/wp\/v2\/product_tag?post=27670"}],"curies":[{"name":"wp","href":"https:\/\/api.w.org\/{rel}","templated":true}]}}